{"id":3,"date":"2020-07-29T14:26:31","date_gmt":"2020-07-29T14:26:31","guid":{"rendered":"https:\/\/on4.onlinenevjegykartya.hu\/?page_id=3"},"modified":"2020-08-13T11:12:46","modified_gmt":"2020-08-13T11:12:46","slug":"privacy-policy","status":"publish","type":"page","link":"https:\/\/onlinenevjegykartya.hu\/szerk\/privacy-policy\/","title":{"rendered":"ADATKEZEL\u00c9SI T\u00c1J\u00c9KOZTAT\u00d3"},"content":{"rendered":"\n<p>Itt tudja el\u00e9rni a t\u00e1j\u00e9koztat\u00f3t: <a href=\"https:\/\/onlinenevjegykartya.hu\/onAdatkezelesiTajekoztato.pdf\" data-type=\"URL\" data-id=\"https:\/\/onlinenevjegykartya.hu\/onAdatkezelesiTajekoztato.pdf\" target=\"_blank\" rel=\"noreferrer noopener\">Let\u00f6lt\u00e9s<\/a><\/p>\n\n\n\n<p><\/p>\n\n\n\n<p><\/p>\n","protected":false},"excerpt":{"rendered":"<p>Itt tudja el\u00e9rni a t\u00e1j\u00e9koztat\u00f3t: Let\u00f6lt\u00e9s<\/p>\n","protected":false},"author":1,"featured_media":0,"parent":0,"menu_order":0,"comment_status":"closed","ping_status":"open","template":"","meta":{"footnotes":""},"class_list":["post-3","page","type-page","status-publish","hentry"],"yoast_head":"<!-- This site is optimized with the Yoast SEO plugin v26.5 - https:\/\/yoast.com\/wordpress\/plugins\/seo\/ -->\n<title>ADATKEZEL\u00c9SI T\u00c1J\u00c9KOZTAT\u00d3 - OnlineN\u00e9vjegyk\u00e1rtya.hu<\/title>\n<meta name=\"robots\" content=\"index, follow, max-snippet:-1, max-image-preview:large, max-video-preview:-1\" \/>\n<link rel=\"canonical\" href=\"https:\/\/onlinenevjegykartya.hu\/szerk\/privacy-policy\/\" \/>\n<meta property=\"og:locale\" content=\"hu_HU\" \/>\n<meta property=\"og:type\" content=\"article\" \/>\n<meta property=\"og:title\" content=\"ADATKEZEL\u00c9SI T\u00c1J\u00c9KOZTAT\u00d3 - OnlineN\u00e9vjegyk\u00e1rtya.hu\" \/>\n<meta property=\"og:description\" content=\"Itt tudja el\u00e9rni a t\u00e1j\u00e9koztat\u00f3t: Let\u00f6lt\u00e9s\" \/>\n<meta property=\"og:url\" content=\"https:\/\/onlinenevjegykartya.hu\/szerk\/privacy-policy\/\" \/>\n<meta property=\"og:site_name\" content=\"OnlineN\u00e9vjegyk\u00e1rtya.hu\" \/>\n<meta property=\"article:modified_time\" content=\"2020-08-13T11:12:46+00:00\" \/>\n<meta name=\"twitter:card\" content=\"summary_large_image\" \/>\n<script type=\"application\/ld+json\" class=\"yoast-schema-graph\">{\"@context\":\"https:\/\/schema.org\",\"@graph\":[{\"@type\":\"WebPage\",\"@id\":\"https:\/\/onlinenevjegykartya.hu\/szerk\/privacy-policy\/\",\"url\":\"https:\/\/onlinenevjegykartya.hu\/szerk\/privacy-policy\/\",\"name\":\"ADATKEZEL\u00c9SI T\u00c1J\u00c9KOZTAT\u00d3 - OnlineN\u00e9vjegyk\u00e1rtya.hu\",\"isPartOf\":{\"@id\":\"https:\/\/onlinenevjegykartya.hu\/szerk\/#website\"},\"datePublished\":\"2020-07-29T14:26:31+00:00\",\"dateModified\":\"2020-08-13T11:12:46+00:00\",\"breadcrumb\":{\"@id\":\"https:\/\/onlinenevjegykartya.hu\/szerk\/privacy-policy\/#breadcrumb\"},\"inLanguage\":\"hu\",\"potentialAction\":[{\"@type\":\"ReadAction\",\"target\":[\"https:\/\/onlinenevjegykartya.hu\/szerk\/privacy-policy\/\"]}]},{\"@type\":\"BreadcrumbList\",\"@id\":\"https:\/\/onlinenevjegykartya.hu\/szerk\/privacy-policy\/#breadcrumb\",\"itemListElement\":[{\"@type\":\"ListItem\",\"position\":1,\"name\":\"Kezd\u0151lap\",\"item\":\"https:\/\/onlinenevjegykartya.hu\/szerk\/\"},{\"@type\":\"ListItem\",\"position\":2,\"name\":\"ADATKEZEL\u00c9SI T\u00c1J\u00c9KOZTAT\u00d3\"}]},{\"@type\":\"WebSite\",\"@id\":\"https:\/\/onlinenevjegykartya.hu\/szerk\/#website\",\"url\":\"https:\/\/onlinenevjegykartya.hu\/szerk\/\",\"name\":\"OnlineN\u00e9vjegyk\u00e1rtya.hu\",\"description\":\"n\u00e9vjegyk\u00e1rtya k\u00e9sz\u00edt\u00e9s\",\"potentialAction\":[{\"@type\":\"SearchAction\",\"target\":{\"@type\":\"EntryPoint\",\"urlTemplate\":\"https:\/\/onlinenevjegykartya.hu\/szerk\/?s={search_term_string}\"},\"query-input\":{\"@type\":\"PropertyValueSpecification\",\"valueRequired\":true,\"valueName\":\"search_term_string\"}}],\"inLanguage\":\"hu\"}]}<\/script>\n<!-- \/ Yoast SEO plugin. -->","yoast_head_json":{"title":"ADATKEZEL\u00c9SI T\u00c1J\u00c9KOZTAT\u00d3 - OnlineN\u00e9vjegyk\u00e1rtya.hu","robots":{"index":"index","follow":"follow","max-snippet":"max-snippet:-1","max-image-preview":"max-image-preview:large","max-video-preview":"max-video-preview:-1"},"canonical":"https:\/\/onlinenevjegykartya.hu\/szerk\/privacy-policy\/","og_locale":"hu_HU","og_type":"article","og_title":"ADATKEZEL\u00c9SI T\u00c1J\u00c9KOZTAT\u00d3 - OnlineN\u00e9vjegyk\u00e1rtya.hu","og_description":"Itt tudja el\u00e9rni a t\u00e1j\u00e9koztat\u00f3t: Let\u00f6lt\u00e9s","og_url":"https:\/\/onlinenevjegykartya.hu\/szerk\/privacy-policy\/","og_site_name":"OnlineN\u00e9vjegyk\u00e1rtya.hu","article_modified_time":"2020-08-13T11:12:46+00:00","twitter_card":"summary_large_image","schema":{"@context":"https:\/\/schema.org","@graph":[{"@type":"WebPage","@id":"https:\/\/onlinenevjegykartya.hu\/szerk\/privacy-policy\/","url":"https:\/\/onlinenevjegykartya.hu\/szerk\/privacy-policy\/","name":"ADATKEZEL\u00c9SI T\u00c1J\u00c9KOZTAT\u00d3 - OnlineN\u00e9vjegyk\u00e1rtya.hu","isPartOf":{"@id":"https:\/\/onlinenevjegykartya.hu\/szerk\/#website"},"datePublished":"2020-07-29T14:26:31+00:00","dateModified":"2020-08-13T11:12:46+00:00","breadcrumb":{"@id":"https:\/\/onlinenevjegykartya.hu\/szerk\/privacy-policy\/#breadcrumb"},"inLanguage":"hu","potentialAction":[{"@type":"ReadAction","target":["https:\/\/onlinenevjegykartya.hu\/szerk\/privacy-policy\/"]}]},{"@type":"BreadcrumbList","@id":"https:\/\/onlinenevjegykartya.hu\/szerk\/privacy-policy\/#breadcrumb","itemListElement":[{"@type":"ListItem","position":1,"name":"Kezd\u0151lap","item":"https:\/\/onlinenevjegykartya.hu\/szerk\/"},{"@type":"ListItem","position":2,"name":"ADATKEZEL\u00c9SI T\u00c1J\u00c9KOZTAT\u00d3"}]},{"@type":"WebSite","@id":"https:\/\/onlinenevjegykartya.hu\/szerk\/#website","url":"https:\/\/onlinenevjegykartya.hu\/szerk\/","name":"OnlineN\u00e9vjegyk\u00e1rtya.hu","description":"n\u00e9vjegyk\u00e1rtya k\u00e9sz\u00edt\u00e9s","potentialAction":[{"@type":"SearchAction","target":{"@type":"EntryPoint","urlTemplate":"https:\/\/onlinenevjegykartya.hu\/szerk\/?s={search_term_string}"},"query-input":{"@type":"PropertyValueSpecification","valueRequired":true,"valueName":"search_term_string"}}],"inLanguage":"hu"}]}},"jetpack_sharing_enabled":true,"_links":{"self":[{"href":"https:\/\/onlinenevjegykartya.hu\/szerk\/wp-json\/wp\/v2\/pages\/3","targetHints":{"allow":["GET"]}}],"collection":[{"href":"https:\/\/onlinenevjegykartya.hu\/szerk\/wp-json\/wp\/v2\/pages"}],"about":[{"href":"https:\/\/onlinenevjegykartya.hu\/szerk\/wp-json\/wp\/v2\/types\/page"}],"author":[{"embeddable":true,"href":"https:\/\/onlinenevjegykartya.hu\/szerk\/wp-json\/wp\/v2\/users\/1"}],"replies":[{"embeddable":true,"href":"https:\/\/onlinenevjegykartya.hu\/szerk\/wp-json\/wp\/v2\/comments?post=3"}],"version-history":[{"count":1,"href":"https:\/\/onlinenevjegykartya.hu\/szerk\/wp-json\/wp\/v2\/pages\/3\/revisions"}],"predecessor-version":[{"id":112,"href":"https:\/\/onlinenevjegykartya.hu\/szerk\/wp-json\/wp\/v2\/pages\/3\/revisions\/112"}],"wp:attachment":[{"href":"https:\/\/onlinenevjegykartya.hu\/szerk\/wp-json\/wp\/v2\/media?parent=3"}],"curies":[{"name":"wp","href":"https:\/\/api.w.org\/{rel}","templated":true}]}}