{"id":194,"date":"2020-09-11T07:08:35","date_gmt":"2020-09-11T07:08:35","guid":{"rendered":"https:\/\/on4.onlinenevjegykartya.hu\/?post_type=product&#038;p=194"},"modified":"2023-03-03T17:31:03","modified_gmt":"2023-03-03T17:31:03","slug":"matt-fem-nevjegykartyatarto","status":"publish","type":"product","link":"https:\/\/onlinenevjegykartya.hu\/szerk\/termek\/matt-fem-nevjegykartyatarto\/","title":{"rendered":"Matt f\u00e9m n\u00e9vjegyk\u00e1rtyatart\u00f3"},"content":{"rendered":"<p>Eleg\u00e1ns matt f\u00e9m n\u00e9vjegyk\u00e1rtyatart\u00f3, amelyen nem marad ujjlenyomat.<br \/>\nM\u00e9ret: 94x60x5mm<\/p>\n","protected":false},"excerpt":{"rendered":"<p>Eleg\u00e1ns matt f\u00e9m n\u00e9vjegyk\u00e1rtyatart\u00f3, amelyen nem marad ujjlenyomat.<br \/>\nM\u00e9ret: 94x60x5mm<\/p>\n","protected":false},"featured_media":192,"template":"","meta":[],"product_brand":[],"product_cat":[151],"product_tag":[],"class_list":{"0":"post-194","1":"product","2":"type-product","3":"status-publish","4":"has-post-thumbnail","6":"product_cat-nevjegykartya-tarto","8":"first","9":"instock","10":"taxable","11":"shipping-taxable","12":"purchasable","13":"product-type-simple"},"yoast_head":"<!-- This site is optimized with the Yoast SEO plugin v26.5 - https:\/\/yoast.com\/wordpress\/plugins\/seo\/ -->\n<title>Matt f\u00e9m n\u00e9vjegyk\u00e1rtyatart\u00f3 - OnlineN\u00e9vjegyk\u00e1rtya.hu<\/title>\n<meta name=\"robots\" content=\"index, follow, max-snippet:-1, max-image-preview:large, max-video-preview:-1\" \/>\n<link rel=\"canonical\" href=\"https:\/\/onlinenevjegykartya.hu\/szerk\/termek\/matt-fem-nevjegykartyatarto\/\" \/>\n<meta property=\"og:locale\" content=\"hu_HU\" \/>\n<meta property=\"og:type\" content=\"article\" \/>\n<meta property=\"og:title\" content=\"Matt f\u00e9m n\u00e9vjegyk\u00e1rtyatart\u00f3 - OnlineN\u00e9vjegyk\u00e1rtya.hu\" \/>\n<meta property=\"og:description\" content=\"Eleg\u00e1ns matt f\u00e9m n\u00e9vjegyk\u00e1rtyatart\u00f3, amelyen nem marad ujjlenyomat. M\u00e9ret: 94x60x5mm\" \/>\n<meta property=\"og:url\" content=\"https:\/\/onlinenevjegykartya.hu\/szerk\/termek\/matt-fem-nevjegykartyatarto\/\" \/>\n<meta property=\"og:site_name\" content=\"OnlineN\u00e9vjegyk\u00e1rtya.hu\" \/>\n<meta property=\"article:modified_time\" content=\"2023-03-03T17:31:03+00:00\" \/>\n<meta property=\"og:image\" content=\"https:\/\/onlinenevjegykartya.hu\/szerk\/wp-content\/uploads\/2020\/09\/2220607.jpg\" \/>\n\t<meta property=\"og:image:width\" content=\"800\" \/>\n\t<meta property=\"og:image:height\" content=\"800\" \/>\n\t<meta property=\"og:image:type\" content=\"image\/jpeg\" \/>\n<meta name=\"twitter:card\" content=\"summary_large_image\" \/>\n<meta name=\"twitter:label1\" content=\"Becs\u00fclt olvas\u00e1si id\u0151\" \/>\n\t<meta name=\"twitter:data1\" content=\"1 perc\" \/>\n<script type=\"application\/ld+json\" class=\"yoast-schema-graph\">{\"@context\":\"https:\/\/schema.org\",\"@graph\":[{\"@type\":\"WebPage\",\"@id\":\"https:\/\/onlinenevjegykartya.hu\/szerk\/termek\/matt-fem-nevjegykartyatarto\/\",\"url\":\"https:\/\/onlinenevjegykartya.hu\/szerk\/termek\/matt-fem-nevjegykartyatarto\/\",\"name\":\"Matt f\u00e9m n\u00e9vjegyk\u00e1rtyatart\u00f3 - OnlineN\u00e9vjegyk\u00e1rtya.hu\",\"isPartOf\":{\"@id\":\"https:\/\/onlinenevjegykartya.hu\/szerk\/#website\"},\"primaryImageOfPage\":{\"@id\":\"https:\/\/onlinenevjegykartya.hu\/szerk\/termek\/matt-fem-nevjegykartyatarto\/#primaryimage\"},\"image\":{\"@id\":\"https:\/\/onlinenevjegykartya.hu\/szerk\/termek\/matt-fem-nevjegykartyatarto\/#primaryimage\"},\"thumbnailUrl\":\"https:\/\/onlinenevjegykartya.hu\/szerk\/wp-content\/uploads\/2020\/09\/2220607.jpg\",\"datePublished\":\"2020-09-11T07:08:35+00:00\",\"dateModified\":\"2023-03-03T17:31:03+00:00\",\"breadcrumb\":{\"@id\":\"https:\/\/onlinenevjegykartya.hu\/szerk\/termek\/matt-fem-nevjegykartyatarto\/#breadcrumb\"},\"inLanguage\":\"hu\",\"potentialAction\":[{\"@type\":\"ReadAction\",\"target\":[\"https:\/\/onlinenevjegykartya.hu\/szerk\/termek\/matt-fem-nevjegykartyatarto\/\"]}]},{\"@type\":\"ImageObject\",\"inLanguage\":\"hu\",\"@id\":\"https:\/\/onlinenevjegykartya.hu\/szerk\/termek\/matt-fem-nevjegykartyatarto\/#primaryimage\",\"url\":\"https:\/\/onlinenevjegykartya.hu\/szerk\/wp-content\/uploads\/2020\/09\/2220607.jpg\",\"contentUrl\":\"https:\/\/onlinenevjegykartya.hu\/szerk\/wp-content\/uploads\/2020\/09\/2220607.jpg\",\"width\":800,\"height\":800},{\"@type\":\"BreadcrumbList\",\"@id\":\"https:\/\/onlinenevjegykartya.hu\/szerk\/termek\/matt-fem-nevjegykartyatarto\/#breadcrumb\",\"itemListElement\":[{\"@type\":\"ListItem\",\"position\":1,\"name\":\"Kezd\u0151lap\",\"item\":\"https:\/\/onlinenevjegykartya.hu\/szerk\/\"},{\"@type\":\"ListItem\",\"position\":2,\"name\":\"Matt f\u00e9m n\u00e9vjegyk\u00e1rtyatart\u00f3\"}]},{\"@type\":\"WebSite\",\"@id\":\"https:\/\/onlinenevjegykartya.hu\/szerk\/#website\",\"url\":\"https:\/\/onlinenevjegykartya.hu\/szerk\/\",\"name\":\"OnlineN\u00e9vjegyk\u00e1rtya.hu\",\"description\":\"n\u00e9vjegyk\u00e1rtya k\u00e9sz\u00edt\u00e9s\",\"potentialAction\":[{\"@type\":\"SearchAction\",\"target\":{\"@type\":\"EntryPoint\",\"urlTemplate\":\"https:\/\/onlinenevjegykartya.hu\/szerk\/?s={search_term_string}\"},\"query-input\":{\"@type\":\"PropertyValueSpecification\",\"valueRequired\":true,\"valueName\":\"search_term_string\"}}],\"inLanguage\":\"hu\"}]}<\/script>\n<!-- \/ Yoast SEO plugin. -->","yoast_head_json":{"title":"Matt f\u00e9m n\u00e9vjegyk\u00e1rtyatart\u00f3 - OnlineN\u00e9vjegyk\u00e1rtya.hu","robots":{"index":"index","follow":"follow","max-snippet":"max-snippet:-1","max-image-preview":"max-image-preview:large","max-video-preview":"max-video-preview:-1"},"canonical":"https:\/\/onlinenevjegykartya.hu\/szerk\/termek\/matt-fem-nevjegykartyatarto\/","og_locale":"hu_HU","og_type":"article","og_title":"Matt f\u00e9m n\u00e9vjegyk\u00e1rtyatart\u00f3 - OnlineN\u00e9vjegyk\u00e1rtya.hu","og_description":"Eleg\u00e1ns matt f\u00e9m n\u00e9vjegyk\u00e1rtyatart\u00f3, amelyen nem marad ujjlenyomat. M\u00e9ret: 94x60x5mm","og_url":"https:\/\/onlinenevjegykartya.hu\/szerk\/termek\/matt-fem-nevjegykartyatarto\/","og_site_name":"OnlineN\u00e9vjegyk\u00e1rtya.hu","article_modified_time":"2023-03-03T17:31:03+00:00","og_image":[{"width":800,"height":800,"url":"https:\/\/onlinenevjegykartya.hu\/szerk\/wp-content\/uploads\/2020\/09\/2220607.jpg","type":"image\/jpeg"}],"twitter_card":"summary_large_image","twitter_misc":{"Becs\u00fclt olvas\u00e1si id\u0151":"1 perc"},"schema":{"@context":"https:\/\/schema.org","@graph":[{"@type":"WebPage","@id":"https:\/\/onlinenevjegykartya.hu\/szerk\/termek\/matt-fem-nevjegykartyatarto\/","url":"https:\/\/onlinenevjegykartya.hu\/szerk\/termek\/matt-fem-nevjegykartyatarto\/","name":"Matt f\u00e9m n\u00e9vjegyk\u00e1rtyatart\u00f3 - OnlineN\u00e9vjegyk\u00e1rtya.hu","isPartOf":{"@id":"https:\/\/onlinenevjegykartya.hu\/szerk\/#website"},"primaryImageOfPage":{"@id":"https:\/\/onlinenevjegykartya.hu\/szerk\/termek\/matt-fem-nevjegykartyatarto\/#primaryimage"},"image":{"@id":"https:\/\/onlinenevjegykartya.hu\/szerk\/termek\/matt-fem-nevjegykartyatarto\/#primaryimage"},"thumbnailUrl":"https:\/\/onlinenevjegykartya.hu\/szerk\/wp-content\/uploads\/2020\/09\/2220607.jpg","datePublished":"2020-09-11T07:08:35+00:00","dateModified":"2023-03-03T17:31:03+00:00","breadcrumb":{"@id":"https:\/\/onlinenevjegykartya.hu\/szerk\/termek\/matt-fem-nevjegykartyatarto\/#breadcrumb"},"inLanguage":"hu","potentialAction":[{"@type":"ReadAction","target":["https:\/\/onlinenevjegykartya.hu\/szerk\/termek\/matt-fem-nevjegykartyatarto\/"]}]},{"@type":"ImageObject","inLanguage":"hu","@id":"https:\/\/onlinenevjegykartya.hu\/szerk\/termek\/matt-fem-nevjegykartyatarto\/#primaryimage","url":"https:\/\/onlinenevjegykartya.hu\/szerk\/wp-content\/uploads\/2020\/09\/2220607.jpg","contentUrl":"https:\/\/onlinenevjegykartya.hu\/szerk\/wp-content\/uploads\/2020\/09\/2220607.jpg","width":800,"height":800},{"@type":"BreadcrumbList","@id":"https:\/\/onlinenevjegykartya.hu\/szerk\/termek\/matt-fem-nevjegykartyatarto\/#breadcrumb","itemListElement":[{"@type":"ListItem","position":1,"name":"Kezd\u0151lap","item":"https:\/\/onlinenevjegykartya.hu\/szerk\/"},{"@type":"ListItem","position":2,"name":"Matt f\u00e9m n\u00e9vjegyk\u00e1rtyatart\u00f3"}]},{"@type":"WebSite","@id":"https:\/\/onlinenevjegykartya.hu\/szerk\/#website","url":"https:\/\/onlinenevjegykartya.hu\/szerk\/","name":"OnlineN\u00e9vjegyk\u00e1rtya.hu","description":"n\u00e9vjegyk\u00e1rtya k\u00e9sz\u00edt\u00e9s","potentialAction":[{"@type":"SearchAction","target":{"@type":"EntryPoint","urlTemplate":"https:\/\/onlinenevjegykartya.hu\/szerk\/?s={search_term_string}"},"query-input":{"@type":"PropertyValueSpecification","valueRequired":true,"valueName":"search_term_string"}}],"inLanguage":"hu"}]}},"jetpack_sharing_enabled":true,"_links":{"self":[{"href":"https:\/\/onlinenevjegykartya.hu\/szerk\/wp-json\/wp\/v2\/product\/194","targetHints":{"allow":["GET"]}}],"collection":[{"href":"https:\/\/onlinenevjegykartya.hu\/szerk\/wp-json\/wp\/v2\/product"}],"about":[{"href":"https:\/\/onlinenevjegykartya.hu\/szerk\/wp-json\/wp\/v2\/types\/product"}],"wp:featuredmedia":[{"embeddable":true,"href":"https:\/\/onlinenevjegykartya.hu\/szerk\/wp-json\/wp\/v2\/media\/192"}],"wp:attachment":[{"href":"https:\/\/onlinenevjegykartya.hu\/szerk\/wp-json\/wp\/v2\/media?parent=194"}],"wp:term":[{"taxonomy":"product_brand","embeddable":true,"href":"https:\/\/onlinenevjegykartya.hu\/szerk\/wp-json\/wp\/v2\/product_brand?post=194"},{"taxonomy":"product_cat","embeddable":true,"href":"https:\/\/onlinenevjegykartya.hu\/szerk\/wp-json\/wp\/v2\/product_cat?post=194"},{"taxonomy":"product_tag","embeddable":true,"href":"https:\/\/onlinenevjegykartya.hu\/szerk\/wp-json\/wp\/v2\/product_tag?post=194"}],"curies":[{"name":"wp","href":"https:\/\/api.w.org\/{rel}","templated":true}]}}